digit of w(y)?
1
Let x = -5 - -3. Let v be (x/4)/((-3)/12). What is the units digit of (21/12)/(v/8)?
7
Suppose -40 = -5*j - 5*t, -32 = -j - 2*j - 5*t. Suppose 0 = -j*n - 2*p + 28, -10 = -2*n + n - 2*p. What is the units digit of n?
6
Suppose -37*o = -35*o - 332. What is the hundreds digit of o?
1
Suppose 81*z + 164 = 85*z. What is the tens digit of z?
4
Let l be (-1 - 7)/(4/(-6)). Let h(i) = i - 10. What is the units digit of h(l)?
2
What is the hundreds digit of ((-4)/(-5)*-1)/(10/(-3250))?
2
Suppose 2 = -h + 2*h. Suppose 0*s + h = s. Suppose i = -s*i + 9. What is the units digit of i?
3
What is the units digit of 2/(-6) - (-2)/(6/127)?
2
Let o = -7 + -7. Let k be o/(-4) + 3/(-6). What is the units digit of 8*(k/2)/3?
4
Let r = 402 + -185. What is the hundreds digit of r?
2
What is the tens digit of (-183)/9*6/(-2)?
6
Let u(t) = t**3 + t**2 + 2. Let y be u(0). Let j(o) = -o**3 - 19*o**2 - 18*o + 3. Let d be j(-18). Let k = d - y. What is the units digit of k?
1
Suppose -1 + 9 = 2*r. Suppose r*m - 13 - 43 = 0. What is the units digit of m?
4
Let t = 29 - 16. Let k = 22 - t. What is the units digit of k?
9
What is the tens digit of (-42)/56 - 262/(-8)?
3
Suppose 6*x = 10*x - 264. What is the units digit of x?
6
Suppose 13*o - 520 = 5*o. What is the tens digit of o?
6
Let w = 27 + -44. Suppose 9*j - 4*j - 180 = 0. Let x = w + j. What is the tens digit of x?
1
Let z(a) = a**3 - 3*a + 1. Let i be z(2). Suppose -2*o - 8 = -i*o. Suppose -2 + o = u. What is the units digit of u?
6
Let l = 11 - 7. Let u = -3 + l. What is the units digit of u?
1
Let a(u) = u**2 - 4*u + 8. Let q be a(-7). Suppose 5*r - 4*o = q, 2*r - 75 = -3*r + 2*o. What is the tens digit of r?
1
What is the units digit of (12/(-12))/(2/(-26))?
3
Let l(i) = i**2 + i + 178. What is the hundreds digit of l(0)?
1
Let y(m) be the second derivative of m**5/20 - 3*m**4/4 + 3*m**3/2 - 3*m**2 - m. Let h be y(8). Suppose -h*s - 3*s + 85 = 0. What is the units digit of s?
7
Let s(w) = -2 - 4*w + 4 - 4*w. What is the units digit of s(-3)?
6
Let x be 8/12*(-35 + 2). Let q = 32 + x. What is the tens digit of q?
1
Suppose 0*g + 2 = -2*g, -220 = -5*w + 5*g. What is the tens digit of w?
4
Suppose 0*y + y = -1, 4*y - 32 = -2*j. Suppose 0 = 3*n + n + 2*v - 50, -n = -5*v - j. What is the units digit of n?
3
Suppose -15*z + 24*z - 2799 = 0. What is the units digit of z?
1
Let z(q) = -q**3 - 22*q**2 + 34*q + 3. What is the units digit of z(-24)?
9
Suppose -2*x = 4*v - 6*v - 134, 0 = 4*x - v - 262. What is the units digit of x?
5
Let c(b) = 16*b**2 - b. What is the tens digit of c(1)?
1
Let r = 91 + -24. What is the tens digit of r?
6
Suppose 0 = -m + 3*m - 8. Suppose -l = -m*l + 51. Suppose -3 = -j - 5*k - l, 0 = -2*j - 2*k + 4. What is the units digit of j?
6
Suppose -6*q = -11*q + 75. What is the units digit of q?
5
Let w(f) = -f**3 - 3*f**2 - f. Let i be w(-2). What is the tens digit of ((60 + 2)/(-1))/i?
3
Let a(s) = 2*s**2 - 3*s - 1. What is the units digit of a(-8)?
1
Let o(h) = -4*h + 2. What is the tens digit of o(-6)?
2
Let f(a) = 2*a - 2*a + a**2. Suppose 5*x = 5*p - 5, -5*p - 10 = -2*x - 3. What is the units digit of f(p)?
9
Suppose -15 = 5*w, -3*w = -2*k + 18 - 5. What is the units digit of k?
2
Let v be (-1)/2*(-3 + 3). Suppose 0*b - b + 63 = v. Suppose 4*j = b + 9. What is the units digit of j?
8
Let d(h) = -h**3 + 6*h**2 - 4*h + 1. What is the tens digit of d(4)?
1
What is the units digit of 3/(4/(-12)*-1)?
9
Suppose 0 = -5*b - 5*x + 215, 0*x = -3*b + x + 121. Let t = b + -6. What is the units digit of t?
5
Suppose 2*m + 2*m = 204. Suppose -9 = -5*p + m. Let w = p - 5. What is the units digit of w?
7
Let s(m) = m**3 + 6*m**2 - 6*m + 7. Let t be s(-7). Suppose o + 2*p = t, -6 = -4*o + 3*o + p. Suppose -o*d + 11 = 3. What is the units digit of d?
2
Suppose 4*u = -0*m - 5*m + 6, 3*m = u + 7. Let i(n) = 8*n - 2 + 6*n**2 + m - 2 - n**3. What is the units digit of i(7)?
5
Let c(u) = u + 9. Let b(x) = -1. Let r(l) = -6*b(l) - c(l). Let s be r(5). What is the tens digit of s/12*(-33)/2?
1
Suppose 2*j - b + 134 = 369, -5*b + 463 = 4*j. What is the tens digit of j?
1
Let r(y) = 57*y**2 + 2*y - 1. What is the tens digit of r(1)?
5
Suppose 2*p + 38 = 2*y, -3*y + 5*p + 0*p = -65. What is the tens digit of 82/6 - (-5)/y?
1
Suppose -4*t = -5*u - 37, -24 = -2*t - t + 3*u. Suppose -4*a = -3*a - t. Suppose 0 = 2*v + a*v - 5. What is the units digit of v?
1
Let u(c) = c - 15. Let y be u(13). Let p = 7 - y. What is the units digit of p?
9
Let s be (4 + -1)/((-6)/8). What is the units digit of (s - 2)/((-3)/4)?
8
Suppose -8*r = r - 900. What is the tens digit of r?
0
Let g(t) = 24*t**2 + t + 2. What is the tens digit of g(-1)?
2
Let j(o) = o + 6. Let z be j(-4). Suppose -z*w + 12 = w. What is the units digit of w?
4
Suppose 1134 = -4*c + 13*c. What is the tens digit of c?
2
Let f = -2 + 2. Suppose f*x - 4*x = -144. Suppose g - 3*m - 2*m = 21, -4*m = -4*g + x. What is the units digit of g?
6
Let p(w) = -w**3 + 7*w**2 - 3*w - 1. What is the tens digit of p(6)?
1
What is the tens digit of (1 + -2)*2/(-4)*202?
0
Suppose 245 = 4*s - 5*u, 0*s = -3*s + 3*u + 180. What is the tens digit of s?
5
What is the units digit of 18/4*((-113)/(-3) + -5)?
7
Suppose 29*j + 56 = 31*j. What is the units digit of j?
8
Suppose -3*q - 10 = 2*q - 2*p, -4*q + p - 5 = 0. Suppose -5*x = 3*d - 67, 5*d + 2*x = -q*x + 118. What is the tens digit of d?
2
Suppose -6*n + 69 = -3*n. Let o = 3 + n. What is the units digit of o?
6
Let b(d) = -d + 10. Let s be b(8). Suppose 0 = 2*u + s*u - 40. What is the tens digit of u?
1
Suppose 2*f + 2*f = -t + 70, -5*t - 3*f = -384. What is the tens digit of t?
7
What is the tens digit of (252 + 2)/(-3 - -4)?
5
Let l = 24 - 24. Suppose -k + l*k = -43. What is the tens digit of k?
4
Suppose -4*z - z = -5. Let b = z + 4. Suppose 9*y - b*y = 4*w + 32, 2*y = -2*w + 12. What is the units digit of y?
7
Let l = -9 + -2. Suppose 29 = 5*f + 114. Let t = l - f. What is the units digit of t?
6
Let f be -6*1/(-6)*-8. Let z = 13 + f. What is the units digit of z?
5
Suppose 0 = 2*k + 2*k - g - 292, 2*g = 3*k - 219. What is the units digit of k?
3
Let l(v) = 25*v**2 - v - 1. What is the units digit of l(-1)?
5
Suppose 5*s = -5*x + 40, -4*x = 2*s + 20 - 48. What is the units digit of 26/x + (-2)/(-3)?
5
What is the units digit of (-306)/(-10) + 15/(-25)?
0
Let g be (0 - 1)/(1/(-2)). Let s(o) = 7*o + 6. Let c be s(5). Suppose 0 = -z + 2*a, -g*a + 11 = -4*z + c. What is the units digit of z?
0
What is the tens digit of 5*(-1)/(5/3) - -87?
8
Let o(x) = x**3 + 7*x**2 + 5*x - 1. Suppose 3*q = -15 - 0. What is the tens digit of o(q)?
2
Suppose -4*h = -2 - 18. Suppose 0 = h*o - 3*o + 4*v - 74, 0 = -3*o + 5*v + 155. What is the units digit of o?
5
Let y = 3 + 9. What is the units digit of y + 1*(-2)/(-2)?
3
Suppose 0 = -31*a + 26*a + 1170. What is the units digit of a?
4
Suppose -306 = -2*t + 106. What is the units digit of t?
6
Let g = 11 - -24. What is the units digit of g?
5
What is the units digit of (-2)/5 - (-3324)/60?
5
Suppose 5*o = 15 + 30. What is the units digit of o?
9
Suppose -3*d + d + 4 = 0. Suppose -d*i + 51 = -5*z, i - 6*z + 3*z - 26 = 0. What is the tens digit of i?
2
Suppose 90 - 34 = 4*k. Suppose 22 = 2*h - k. What is the tens digit of h?
1
What is the units digit of ((-6)/18)/((-1)/78)?
6
Suppose 3*a = 41 + 61. What is the units digit of a?
4
Let t = -5 + 3. Let q = 0 - t. What is the units digit of q?
2
Suppose 3*i = -13 + 28. Suppose -52 = -n + i*v, -3*n + 50 = -2*n - 3*v. What is the tens digit of n?
4
Let k(h) = -h**3 + 7*h**2 - 4*h - 2. Let t(n) = 7*n. Let p be t(3). Let v = p + -15. What is the tens digit of k(v)?
1
Suppose -2*m + 0*m + 12 = 0. Let b be (8 - 2)/(m/4). Let i = 5 - b. What is the units digit of i?
1
What is the tens digit of 51/9 + -6 + (-260)/(-6)?
4
Let z(y) = -y**3 - 7*y**2 - 8*y - 8. Let j be z(-6). Suppose 4 = -j*i + 16. Suppose -5*x - 20 = -4*s - s, s - i*x = 0. What is the units digit of s?
6
Suppose -5*b + 15 + 0 = 0. Let k be (-2)/b + (-8)/(-3). Suppose -k*l = -3*h + 22, -h + 2*l = -7 - 3. What is the units digit of h?
6
Let h = 38 - 4. What is the units digit of h?
4
Suppose y = 3*d + 250, 3*y + 0*y - 762 = 3*d. What is the hundreds digit of y?
2
Suppose -3*g + 5*g - 36 = 0. Wh